ided by d(11).
20
Suppose -12*l - 969 = -29*l. What is the remainder when l is divided by 30?
27
Let j be (-16)/4*-1 + -2. Suppose -6 = -3*c + 2*d - 4*d, -10 = -5*c + j*d. Suppose 2*q = -r - c*r + 16, r = 2. What is the remainder when q is divided by 3?
2
Suppose 0 = -2*z - 78 + 26. Let n = z + 31. What is the remainder when 45/2 - 1/2 is divided by n?
2
Suppose -219*q - 27 = -220*q. What is the remainder when 187 is divided by q?
25
Suppose t = 5*o + 18, -3*t + 0*o + 2*o + 15 = 0. Suppose -2*u - t*d + 112 = -7*d, 0 = -3*u + 5*d + 164. What is the remainder when u is divided by 13?
9
Suppose 5*h + 2*r - 4 - 26 = 0, -2*r - 34 = -3*h. What is the remainder when 544/10 - (-36)/60 is divided by h?
7
Let t(u) = -1 - u**2 + 4 + 6*u - u**3 + 0*u**3 - 1. What is the remainder when 75 is divided by t(-4)?
23
Suppose 49 = 4*b - b + 2*o, 2*b - 2*o - 36 = 0. Let i be (-39)/5 - 7/35. Let y(z) = -z**3 - 7*z**2 + 5*z + 7. What is the remainder when y(i) is divided by b?
14
Let g(r) be the first derivative of r**4/2 - 5*r**3 + 7*r**2/2 - 11*r + 11. Calculate the remainder when g(8) is divided by 28.
25
Let z(o) = -o + 6. Let l be 3/((-2)/((-40)/(-6))). What is the remainder when z(l) is divided by 5?
1
Let b(j) = -57*j + 168. What is the remainder when b(-3) is divided by 69?
63
Let n(r) = -r**2 + 23*r - 20. Let u(q) = -q + 5. Let f be u(-13). Calculate the remainder when n(f) is divided by 18.
16
Let a(h) = 15*h**3 - h**2 - h + 3. Let q be a(2). Suppose -25 - q = -2*v. Calculate the remainder when v is divided by 25.
21
What is the remainder when -9 - -15 - (-55)/1 is divided by 16?
13
Suppose 3*o - 181 = 4*v, v - 2*v - 62 = -o. Let g = 9 - -14. What is the remainder when o is divided by g?
21
Let m(b) = -b**3 - 4*b**2 + b + 6. Let v = -12 - -7. Let g = -4 + 13. Calculate the remainder when m(v) is divided by g.
8
What is the remainder when 12 - 24/30*(1 - -4) is divided by 7?
1
Let o = 33 - 31. Suppose -4*q - 30 = -o*k, 18 = -5*q - 2. Calculate the remainder when 34 is divided by k.
6
Suppose 2*r - 5*r - 4*b = 8, -2*r - 2*b - 2 = 0. What is the remainder when 186 is divided by r?
2
Let b = -248 - -339. Calculate the remainder when b is divided by 19.
15
Let c = -39 + 71. Suppose -3*x + 35 - c = 0. What is the remainder when 6 is divided by x?
0
Suppose -32 = -x + 8. Suppose -d + x = d + 4*l, 2*d = -l + 28. Suppose -2*v - 255 = -321. What is the remainder when v is divided by d?
9
Suppose 9*u + 3*u - 228 = 0. What is the remainder when 244 is divided by u?
16
Suppose 20*p + 126 = 17*p. Let v = p - -62. Calculate the remainder when 39 is divided by v.
19
Suppose -y + 188 - 23 = 4*q, -165 = -y + 3*q. What is the remainder when y is divided by 57?
51
Let b(i) = i**2 - 4*i + 8. Calculate the remainder when 4/14 - 82/(-7) is divided by b(3).
2
Let a be 14*5/((-70)/(-4)). Let y be (0 - a*-3)*2. Suppose -u = -4*u + y. What is the remainder when 14 is divided by u?
6
Suppose 2*l - 6 = -2. Suppose 4*a = -v - 1, 2*v - 24 = -a + l. Calculate the remainder when 43 is divided by v.
13
Let o = -30 + 39. Let d = 45 + -22. What is the remainder when d is divided by o?
5
Let p(q) = q + 4. Let l be (2*-1)/(2 + -1). Let z(o) = 2*o**2 - 4*o - 3. What is the remainder when z(l) is divided by p(3)?
6
Let u(i) = 10*i**2. Suppose -m - 2 = -3*m. Let o = m + -2. What is the remainder when 29 is divided by u(o)?
9
Let i(t) = 3*t - 5. Calculate the remainder when 171 is divided by i(21).
55
Let n be -3 + 35 + -2 + -2. Let k be (-6)/(-8) + 567/n. Suppose 18*l - k*l = -27. Calculate the remainder when 34 is divided by l.
7
Let k = 1228 + 212. Suppose 1465 = 5*m - 5*v, 4*m + 243 = -v + k. Suppose -o + 6 = 5*x - 296, -o - m = -5*x. What is the remainder when x is divided by 31?
29
What is the remainder when 8/6 - 1960/(-42) is divided by 7?
6
Suppose f = 2*u + 14 + 7, -2*f = 2*u + 18. What is the remainder when 4 is divided by ((-2)/(-5))/((-4)/u)?
0
Let n = -33 - -67. Let z = 179 - n. Suppose -5*p + 118 + 127 = 5*f, f - z = -3*p. Calculate the remainder when p is divided by 17.
14
Let x(a) = -a**3 + 13*a**2 - 20*a - 6. What is the remainder when 19 is divided by x(11)?
3
Let y(l) = -l**3 + 4*l**2 + 8*l - 11. Let p be y(5). Suppose 4*q - 6*g = -7*g + 240, p*g = -q + 45. What is the remainder when q is divided by 22?
17
Suppose 10*y + 140 = 3*g + 12*y, 4*g - 180 = -4*y. Calculate the remainder when 246 is divided by g.
46
Let f(o) = o**3 + 8*o**2 - 4*o - 23. Calculate the remainder when 1555 is divided by f(-8).
7
Let p = 42 + 133. Suppose -2*u + 5*v = -101, 5*u + 3*v + 0*v = p. Calculate the remainder when u is divided by 22*-3*(-1)/6.
5
Let u be -1*-10*(-2)/(-4). Suppose u*z + 2*k = 21, z = 4*k - 8 - 1. Suppose -3*n = -33 + z. Calculate the remainder when 37 is divided by n.
7
Suppose 2*s = 3*s. Suppose s = -4*j - 0*j - 2*z - 18, 4*j - z = -15. Let y(n) = -n**3 - 3*n**2 + 4*n + 3. What is the remainder when 11 is divided by y(j)?
2
Let r = 332 + -206. Suppose 5*i + 3*c = 160, -4*c = -4*i - 5*c + 128. Calculate the remainder when r is divided by i.
30
Suppose 6*v = -21 + 195. What is the remainder when 100 is divided by v?
13
Suppose -w + 58 + 5 = 0. Suppose -3*y + 4*i + 124 = 0, -w = -2*y - 4*i + 13. Let l(n) = 13*n**2 - 248*n - 219. What is the remainder when y is divided by l(20)?
19
Suppose -2*u = -57 + 53. Let h(x) = 11*x - 4. What is the remainder when 50 is divided by h(u)?
14
Let l be (12/10)/((-5)/(-50)). Let x = -6 + l. What is the remainder when -2 + 3/x*26 is divided by 7?
4
Suppose 3*p + s - 2 = 30, -3*p + 2*s = -17. Let c(r) = r**3 - 9*r**2 + 7. What is the remainder when 27 is divided by c(p)?
6
Suppose -c + 5*c - 40 = 0. Suppose -c*q + 32 = -8*q. What is the remainder when -4*-21*(-1)/(-2) is divided by q?
10
Let r be ((-12)/(-2))/(10/15). Suppose -2*v + 19 = r. Suppose -4*a + q + 195 = 0, -q + 6 = -v*a + 251. What is the remainder when a is divided by 13?
11
Let q(z) = -30*z + 4. Let n be q(-3). Suppose n + 6 = 4*v. Suppose 0*w + 80 = 4*i - w, -i - w = -v. Calculate the remainder when i is divided by 6.
3
Let l = -20 + 61. What is the remainder when l is divided by 22?
19
Let l(k) = -7*k + 21*k - 2 - 10*k - 8*k. Calculate the remainder when l(-8) is divided by 8.
6
Let t(b) be the first derivative of -b**2/2 + 2*b - 1. Let r = -140 - -133. What is the remainder when 25 is divided by t(r)?
7
Suppose -78 = 8*r - 198. Let t(x) = -11*x + 2. What is the remainder when t(-5) is divided by r?
12
Let t = -35 + 37. Suppose t*s = -0*s + 5*m + 36, -5*s + 69 = -2*m. Calculate the remainder when 50 is divided by s.
11
Let r be 18*-3*42/(-27). Let h = r - 30. Let u(m) = m**2 - 6*m - 8. Calculate the remainder when h is divided by u(9).
16
Let l(b) = 6*b. Let g(o) = o**3 - 8*o**2 + 6*o + 9. Let x be g(7). Suppose 0 = -102*n + 105*n - 105. What is the remainder when n is divided by l(x)?
11
Suppose -564 = -3*s - 9*s. Suppose 4*z + 35 = 2*i - 21, z + s = 2*i. Let l(a) = 9*a. Calculate the remainder when i is divided by l(1).
4
Calculate the remainder when 56 is divided by 18*(160/140)/((-12)/(-14)).
8
Suppose 13 = 3*a + 2*u, -5 = -4*a + 3*u + 18. Suppose 4*s - 70 = 3*d, s - 5*d = a + 4. Calculate the remainder when s is divided by 6.
1
Let t = -3 - -9. Let y = 52 - 62. Calculate the remainder when (y - -9)/((-2)/34) is divided by t.
5
Suppose -4*j = -14*j + 40. Let v = 3 + -1. Suppose -j*a - a = 4*w - 38, -w + v*a + 3 = 0. What is the remainder when 26 is divided by w?
5
Let m be (288/45)/((-2)/(-10)). Let r = -14 + m. What is the remainder when r is divided by 10?
8
Suppose 0 = -3*d + 16*d - 65. What is the remainder when ((-2)/(-3))/((-13)/(-273)) is divided by d?
4
Let w(p) = 7*p**2 + 7*p - 3. Calculate the remainder when 191 is divided by w(-3).
35
Let g be (2/(-4))/((-3)/474). Suppose -2*r = -r - g. What is the remainder when r is divided by 27?
25
Suppose 286 = -0*h - 2*h. Let y = h + 208. What is the remainder when y is divided by 11?
10
Suppose -26*k = -206 - 28. Calculate the remainder when 42 is divided by k.
6
Calculate the remainder when ((-56)/(-16))/(((-39)/30)/(-13)) is divided by 14.
7
Suppose 24*q + 237 = 2997. What is the remainder when q is divided by 20?
15
What is the remainder when 651/15 - (-6)/(-15) is divided by 22?
21
Let q be 8/6 + (-1)/3. Let p(l) = 8*l**3 